he prime factors of k.
7, 97
Suppose -8*n + 60*n + 176215 - 999427 = 0. What are the prime factors of n?
3, 1759
Let u be ((4 + -24)/4)/(-1). Suppose u*i + 4*q = 1954, -3*q - 372 = -3*i + 822. What are the prime factors of i?
2, 197
Suppose -30*n = -28*n - 12. Suppose -4*g - n = -26. Suppose 3*c = -g*c + 248. What are the prime factors of c?
31
Let h(t) = -20*t**2 + 21*t + 39*t**2 - 14*t - 1. List the prime factors of h(-8).
19, 61
Let i = 31 + -27. Let u be -25 + -1 + 8/i + -4. Let w = u + 74. List the prime factors of w.
2, 23
Let d(v) be the second derivative of -9*v**3/2 + 2*v**2 - 68*v - 2. What are the prime factors of d(-12)?
2, 41
Let x = 386 + -388. What are the prime factors of (900 - -1) + 3 + x + 4?
2, 3, 151
Suppose -3*a = -5*i + 2*i + 108, -a - 176 = -5*i. Suppose 29*b + 1518 = i*b. What are the prime factors of b?
11, 23
What are the prime factors of 17/(-51)*(-42353 - 1)?
2, 3, 13, 181
Let h(x) = 88*x**2 - 71*x + 705. What are the prime factors of h(10)?
5, 1759
Suppose 71*u = 20*u + 357. Let y = 0 + 2. Suppose -h - 2 = -y*k + u, -4*k = 2*h - 30. List the prime factors of k.
2, 3
Let k(v) = 2313*v + 1738. What are the prime factors of k(5)?
53, 251
Suppose 18*m + 109083 = 21*m - 17*j, m - 36403 = j. List the prime factors of m.
2, 9103
Suppose 0 = -4*o - 12, 5*b = 3*o + 2*o + 150. Let y be (5/5)/(4/(-9 + 45)). What are the prime factors of 1127/y - -3*(-2)/b?
5
What are the prime factors of (1738/(-6))/((-3)/72) - (183 + -190)?
6959
Suppose -3*d - 2*d + 19996 = 4*m, -d = -4*m - 3980. List the prime factors of d.
2, 3, 37
Let y(a) = -8*a**3 + a**2 - 2*a - 14. Let p(f) = -f**3 - f - 2. Let n(c) = 4*p(c) - y(c). List the prime factors of n(4).
2, 7, 17
Let t be ((-22)/5)/(2/10). Let g = t - -24. Suppose 7*n - g*n + 102 = 2*y, 62 = 2*y + 5*n. What are the prime factors of y?
41
Let k(h) be the second derivative of -17*h**3/3 - 3*h**2 - 25*h. Let p be k(2). Let l = p + 304. List the prime factors of l.
2, 5, 23
What are the prime factors of (-23)/(207/(-190224))*1*(-4)/(-16)?
2, 1321
Suppose 21*b - 20*b + 155656 = 5*p, 2*p - b = 62260. List the prime factors of p.
2, 43, 181
Let n be ((-166)/4)/((-2)/36). Suppose 9*d - 18*d = -n. List the prime factors of d.
83
Suppose 0 = -7*s - 864 - 515. Let u = s - -574. Let q = u - 225. List the prime factors of q.
2, 19
Let q be 8/(-6)*(-2)/8*6. Suppose 2 = 5*i + q. Let n(s) = s**2 - 3*s + 89. What are the prime factors of n(i)?
89
Let x be 18/(-21)*(-28)/12*3. List the prime factors of 2207/x + (-5)/(-30).
2, 23
Suppose -31528 - 127824 - 98632 = -16*o. What are the prime factors of o?
2, 29, 139
Suppose 5*q + 2*u - 3535 = 0, -41*q - 3*u = -39*q - 1425. What are the prime factors of q?
3, 5, 47
What are the prime factors of 2/(-3 + -1 + 62/15)*227?
3, 5, 227
Let y be -15 + 12 + (-1 + 193)/3. Let o be (-20)/(-5) + 3 + 0. Let z = y + o. List the prime factors of z.
2, 17
Suppose 0 = -3*r - 2*j - 7526, r + r = 3*j - 5000. Let d be -2*(r/(-140) + 4/(-10)). What are the prime factors of 252/d*((-140)/(-3))/(-2)?
2, 3, 7
Suppose 6*i + 2*c - 24970 = 2*i, c + 6247 = i. List the prime factors of i.
2, 7, 223
Suppose 41 - 107 = -22*z. Suppose -1680 = z*h - 15*h. What are the prime factors of h?
2, 5, 7
Suppose -49*q = -10*q - 21021. Let s be 383 - (1/1 + -3). Let b = q - s. List the prime factors of b.
2, 7, 11
List the prime factors of 735/(-140)*309556/(-39).
7, 5953
Let z = 429 - 179. Suppose -130 = -5*d + z. Suppose c - 166 = d. What are the prime factors of c?
2, 11
Let p be 2 - (0 - 2) - 1439. Let f = p - -2721. What are the prime factors of f?
2, 643
Let w(z) = z**3 - 8*z**2 + 6*z - 18. Let b be w(8). Let m be 18/(-21)*(3 - 17). What are the prime factors of (-5)/(b/m)*9/(-2)?
3
Let j = -10 + 35. Let o = j - 25. Let n(w) = -w**2 + w + 82. What are the prime factors of n(o)?
2, 41
Let s(r) = 9*r + 12*r + 17 - 3*r - 6. Let c be s(-6). Let t = 23 - c. What are the prime factors of t?
2, 3, 5
Suppose -26*a - 8017 = 2669. Let c = a + 712. What are the prime factors of c?
7, 43
Let i(h) = -231*h**3 + 2*h**2 + 16*h + 56. List the prime factors of i(-4).
2, 3, 617
Let g(l) = -2*l**2 + 39*l - 40. Let s be g(18). Let k(i) = 2*i**2 - 10*i - 26. List the prime factors of k(s).
2, 113
Let m be (-3 - (-4 + -9))/(2 - 0). Suppose 4*b = m*y + 1800, -5*b + 7*b - 902 = 3*y. List the prime factors of b.
5, 89
Suppose 19*v = 56*v - 185777. Suppose v = 17*c - 1609. List the prime factors of c.
2, 3, 5, 13
Suppose -3218 = -2*r - t, -2913 = 5*r + t - 10961. List the prime factors of r.
2, 5, 7, 23
Let n = 19966 + -13754. List the prime factors of n.
2, 1553
Let p(o) = 7*o**2 + 104*o - 4747. List the prime factors of p(61).
2, 6911
Suppose 4*y - 3*a = 86329, 0 = -4*y + 5*a + 54451 + 31892. What are the prime factors of y?
21577
Let g = -9597 + 23356. What are the prime factors of g?
13759
Let g = 31232 - 10554. List the prime factors of g.
2, 7, 211
Let n be (-6)/(-2)*1/1. Suppose 3*m - 474 + 127 = p, 4*m = 2*p + 460. Suppose n*x - 51 = m. What are the prime factors of x?
2, 7
Let b = 880 - 524. Suppose -4*l = b - 1264. What are the prime factors of l?
227
What are the prime factors of 150/(-9)*36/(-40)*508?
2, 3, 5, 127
Let c(o) = 2*o**2 - 6*o + 2. Let r be c(-6). Let m = r - 26. Suppose -m = 4*t - 5*t. List the prime factors of t.
2, 3, 7
Let l(g) = g**3 + 15*g**2 + 2*g. Let m be l(-15). Let w be ((-78)/4)/((m/16)/(-5)). Let y = 62 + w. List the prime factors of y.
2, 5
Let w(q) = -16*q + 631. Let d be w(39). Let r(g) be the second derivative of 3*g**3 - 11*g**2/2 - 2*g. What are the prime factors of r(d)?
5, 23
Let c(f) = -13*f. Let p be c(-4). Let i(x) = -541*x - 1673. Let u be i(-3). Let q = p - u. What are the prime factors of q?
2, 3, 17
Let s(m) = -2*m**3 - 9*m**2 + 13*m + 18. Let i be s(-8). What are the prime factors of (15 + -16)/((4/i)/(-2))?
181
Let u(i) = i**2 - 30*i + 31. Let g be u(29). Suppose g*n + n + 60 = 0. What are the prime factors of (75/n)/(-3)*208?
2, 5, 13
Let f be (-56)/672 + (-26)/(-24). What are the prime factors of (1437/(-15) + f)/(93/(-620))?
2, 79
Let g(v) = v**3 + 12*v**2 + 12*v - 4. Let b be g(-11). Let o = b - -307. What are the prime factors of o?
2, 73
Let d(u) = 23*u**3 + 46*u**2 - 309*u + 29. What are the prime factors of d(8)?
12277
Let a(c) be the first derivative of 5*c**3 + 3*c**2 + 2*c - 66. What are the prime factors of a(-5)?
347
Suppose 4*y + 77*y = 1569375. What are the prime factors of y?
5, 31
Let g(o) = -o**3 + 39*o**2 + 26*o - 123. What are the prime factors of g(36)?
3, 1567
Suppose -3*q = -6*q - 6. Let y be q/10 + (-63)/(-15). Suppose -y*m + 69 = -43. List the prime factors of m.
2, 7
Let r(w) = -2*w**2 - 18*w - 13. Let s be r(-8). Let u be -1*(19 - (4 + s + -4)). What are the prime factors of (-765)/(-4) - (-4)/u?
191
Suppose 4*h + 24 - 16 = 0, -2*m - 4 = h. List the prime factors of ((-1203)/(-9) + m)*(-2 - -5).
2, 199
Let g be (6/4)/((-1)/4). Let n(d) = 9*d + 3*d**2 - 8*d + 6*d + 9. What are the prime factors of n(g)?
3, 5
Let t = 9 + 6. Suppose t*u = 2227 + 4643. List the prime factors of u.
2, 229
Let h(m) = 10*m + 1. Let y be h(1). Suppose -15*z + y*z + 12 = 0. Suppose -2*r - 3*r + 4*a + 180 = 0, -r + 36 = z*a. What are the prime factors of r?
2, 3
Let v(o) be the third derivative of 0*o - o**4 + 9*o**2 + 0 + 19/6*o**3. What are the prime factors of v(-8)?
211
Let r(x) = 6*x**3 - 11*x**2 + 60. Let j be r(7). Suppose -3*v + 5*l = 497 - j, -1079 = -3*v + 2*l. What are the prime factors of v?
359
Let s = 376 + -277. Suppose -5*v - 5*i + 2470 = 0, -v + 2*i = s - 602. What are the prime factors of v?
7, 71
Let y be 12/2*(-6)/(-18)*(-48)/32. Let j(d) be the third derivative of -41*d**4/24 - 14*d**3/3 - d**2. List the prime factors of j(y).
5, 19
List the prime factors of 24554 + 180 + 16 + 0.
2, 3, 5, 11
Let v = -5 + 9. Let i be (-3)/(-4) + v/(-64)*-244. Suppose -21*g = -i*g - 725. What are the prime factors of g?
5, 29
Let f(m) = -3*m**2 + 8*m + 518. Let h be f(0). Let a = 115 + h. What are the prime factors of a?
3, 211
Let d be ((-11 + 5)/12)/((-1)/(-2)). Let b(u) = -16*u**3 + 2*u + 1. Let f be b(d). Let y = 165 - f. What are the prime factors of y?
2, 3, 5
Let g(u) = u**3 + 26*u**2 + 4. Let m be g(-26). Suppose 5*x - 5 = -5*z, -m*z = 4*x - 2*z - 6. What are